base 5?
-23
Convert 4 (base 9) to base 2.
100
What is 21 (base 11) in base 16?
17
What is 21 (base 10) in base 9?
23
Convert 4 (base 5) to base 13.
4
Convert -6 (base 8) to base 15.
-6
Convert 313 (base 4) to base 8.
67
What is -320 (base 4) in base 3?
-2002
What is -2 (base 14) in base 11?
-2
Convert 350 (base 6) to base 4.
2022
-143 (base 6) to base 12
-53
-2103 (base 4) to base 11
-124
What is -3 (base 12) in base 15?
-3
What is -1 (base 5) in base 13?
-1
What is 46 (base 8) in base 11?
35
Convert 6 (base 16) to base 13.
6
-9 (base 15) to base 14
-9
65 (base 10) to base 5
230
-4 (base 7) to base 16
-4
What is -26 (base 14) in base 11?
-31
-100 (base 10) to base 2
-1100100
What is -4 (base 5) in base 13?
-4
Convert 0 (base 7) to base 13.
0
-14 (base 11) to base 7
-21
What is -13 (base 4) in base 2?
-111
a (base 16) to base 5
20
-5 (base 10) to base 4
-11
What is -2 (base 10) in base 12?
-2
What is -95 (base 12) in base 9?
-135
0 (base 3) to base 11
0
What is 0 (base 2) in base 12?
0
What is -b1 (base 12) in base 14?
-97
What is 2 (base 4) in base 12?
2
44 (base 5) to base 10
24
-353 (base 7) to base 16
-b9
Convert -1 (base 14) to base 5.
-1
-23 (base 6) to base 7
-21
Convert 187 (base 10) to base 15.
c7
What is 3 (base 5) in base 11?
3
-1 (base 3) to base 4
-1
Convert -11202 (base 3) to base 7.
-242
What is 2 (base 10) in base 8?
2
312 (base 4) to base 7
105
77 (base 9) to base 15
4a
Convert 0 (base 2) to base 12.
0
What is -206 (base 9) in base 8?
-250
Convert 0 (base 7) to base 9.
0
Convert -42 (base 6) to base 15.
-1b
What is -10 (base 8) in base 2?
-1000
What is -10 (base 9) in base 16?
-9
-74 (base 8) to base 13
-48
What is 0 (base 16) in base 14?
0
Convert 1b (base 14) to base 11.
23
Convert -304 (base 5) to base 7.
-142
What is -1 (base 8) in base 13?
-1
What is 240 (base 6) in base 7?
165
What is e (base 15) in base 9?
15
Convert 23 (base 11) to base 5.
100
What is 2 (base 12) in base 8?
2
Convert -432 (base 6) to base 3.
-20002
0 (base 14) to base 12
0
Convert 0 (base 12) to base 10.
0
Convert -10 (base 9) to base 6.
-13
What is -13 (base 5) in base 3?
-22
What is 6 (base 10) in base 14?
6
What is -1151 (base 6) in base 14?
-163
Convert -90 (base 13) to base 5.
-432
Convert -4 (base 5) to base 15.
-4
What is 2 (base 5) in base 11?
2
Convert 2002 (base 4) to base 16.
82
What is -e (base 15) in base 16?
-e
What is -12 (base 6) in base 9?
-8
What is -45 (base 9) in base 10?
-41
What is -1 (base 12) in base 15?
-1
What is 4 (base 8) in base 7?
4
Convert -233 (base 8) to base 15.
-a5
Convert -26 (base 7) to base 9.
-22
Convert 5 (base 9) to base 2.
101
1 (base 6) to base 12
1
What is 7 (base 16) in base 11?
7
What is 20 (base 10) in base 2?
10100
Convert -3c (base 13) to base 9.
-56
What is 65 (base 13) in base 7?
146
What is 3 (base 14) in base 6?
3
What is 13 (base 8) in base 15?
b
What is 2 (base 3) in base 7?
2
-1 (base 14) to base 4
-1
Convert -45 (base 15) to base 2.
-1000001
Convert -2 (base 13) to base 9.
-2
What is -3 (base 13) in base 10?
-3
-13 (base 13) to base 11
-15
b (base 13) to base 12
b
58 (base 10) to base 9
64
What is -10010 (base 3) in base 13?
-66
Convert 0 (base 12) to base 15.
0
What is 4 (base 11) in base 6?
4
What is -32 (base 7) in base 11?
-21
What is -21 (base 3) in base 11?
-7
What is -16 (base 11) in base 3?
-122
Convert 1 (base 2) to base 13.
1
4 (base 7) to base 8
4
66 (base 11) to base 15
4c
-11 (base 5) to base 10
-6
-2 (base 9) to base 16
-2
2 (base 7) to base 12
2
0 (base 12) to base 14
0
Convert -9 (base 16) to base 5.
-14
What is 11 (base 6) in base 4?
13
What is 18 (base 11) in base 7?
25
What is -1 (base 13) in base 7?
-1
-3 (base 6) to base 10
-3
Convert -10 (base 3) to base 6.
-3
-3 (base 13) to base 4
-3
What is 140 (base 7) in base 2?
1001101
Convert 2210 (base 3) to base 16.
4b
Convert 11013 (base 4) to base 3.
110010
What is -1 (base 7) in base 5?
-1
Convert -12 (base 7) to base 14.
-9
What is -4 (base 6) in base 16?
-4
What is 1333 (base 4) in base 7?
241
Convert -17 (base 12) to base 3.
-201
Convert 4 (base 6) to base 9.
4
Convert 32 (base 5) to base 14.
13
0 (base 11) to base 4
0
Convert 1 (base 10) to base 2.
1
22 (base 5) to base 2
1100
-2c (base 14) to base 6
-104
What is 56 (base 11) in base 6?
141
What is 355 (base 7) in base 12?
137
-5 (base 13) to base 15
-5
What is 0 (base 14) in base 8?
0
What is -115 (base 9) in base 7?
-164
What is -200 (base 4) in base 12?
-28
What is 234 (base 9) in base 4?
3001
What is d (base 14) in base 4?
31
Convert -2 (base 8) to base 6.
-2
21 (base 3) to base 5
12
40 (base 11) to base 9
48
Convert -215 (base 11) to base 10.
-258
What is -1a9 (base 12) in base 5?
-2043
Convert -33 (base 16) to base 10.
-51
-8 (base 12) to base 9
-8
Convert 12 (base 5) to base 8.
7
14 (base 6) to base 15
a
-21 (base 3) to base 4
-13
-4 (base 5) to base 14
-4
What is -10 (base 4) in base 7?
-4
What is 101 (base 2) in base 6?
5
What is 0 (base 4) in base 15?
0
What is -11 (base 2) in base 13?
-3
Convert 122 (base 3) to base 2.
10001
Convert -1 (base 16) to base 10.
-1
-101 (base 3) to base 5
-20
Convert -64 (base 9) to base 2.
-111010
Convert 3 (base 4) to base 13.
3
What is -200 (base 3) in base 9?
-20
Convert 1 (base 10) to base 5.
1
What is 3 (base 14) in base 9?
3
Convert 5 (base 15) to base 6.
5
123 (base 5) to base 11
35
What is -1 (base 5) in base 9?
-1
What is 65 (base 16) in base 9?
122
What is -11 (base 15) in base 4?
-100
110 (base 3) to base 11
11
Convert 2a (base 11) to base 12.
28
2 (base 16) to base 4
2
-2 (base 10) to base 5
-2
1 (base 4) to base 5
1
What is 59 (base 14) in base 8?
117
4 (base 9) to base 6
4
25 (base 7) to base 6
31
-10 (base 13) to base 15
-d
Convert -14 (base 8) to base 12.
-10
0 (base 13) to base 9
0
Convert -5 (base 14) to base 7.
-5
-9c (base 14) to base 9
-163
What is 45 (base 13) in base 15?
3c
30 (base 7) to base 14
17
Convert -20 (base 8) to base 12.
-14
Convert 7 (base 10) to base 16.
7
2 (base 16) to base 12
2
What is 14 (base 16) in base 8?
24
186 (base 15) to base 12
253
Convert 1 (base 2) to base 14.
1
What is -31 (base 6) in base 8?
-23
Convert 48 (base 12) to base 4.
320
Convert 40 (base 14) to base 5.
211
Convert 1 (base 16) to base 8.
1
What is 34 (base 6) in base 9?
24
-6 (base 13) to base 11
-6
What is -53 (base 8) in base 10?
-43
0 (base 10) to base 4
0
Convert -110 (base 3) to base 7.
-15
What is 1b (base 14) in base 13?
1c
-14 (base 6) to base 11
-a
Convert -41 (base 6) to base 3.
-221
Convert 2 (base 4) to base 13.
2
12 (base 4) to base 16
6
-3 (base 8) to base 9
-3
Convert 11b (base 16) to base 7.
553
What is -204 (base 5) in base 15?
-39
What is 0 (base 13) in base 8?
0
6 (base 13) to base 6
10
What is -61 (base 8) in base 7?
-100
What is 1110 (base 2) in base 7?
20
Convert -3 (base 6) to base 16.
-3
b4 (base 13) to base 2
10010011
-10 (base 5) to base 12
-5
Convert -96 (base 12) to base 3.
-11020
What is 0 (base 2) in base 14?
0
Convert 1 (base 5) to base 9.
1
What is 16 (base 9) in base 16?
f
Convert -2 (base 9) to base 12.
-2
Convert 11 (base 12) to base 2.
1101
What is -3 (base 7) in base 6?
-3
223 (base 8) to base 11
124
-31 (base 5) to base 3
-121
What is -110 (base 2) in base 5?
-11
Convert -100 (base 3) to base 8.
-11
Convert -3 (base 14) to base 6.
-3
What is -2 (base 11) in base 15?
-2
-7e (base 15) to base 6
-315
Convert 2 (base 14) to base 12.
2
4 (base 13) to base 12
4
What is 32 (base 9) in base 2?
11101
-34 (base 12) to base 8
-50
-1 (base 5) to base 14
-1
22 (base 16) to base 2
100010
22 (base 7) to base 4
100
What is -29 (base 10) in base 14?
-21
1 (base 14) to base 7
1
30 (base 7) to base 14
17
8 (base 14) to base 3
22
Convert 93 (base 15) to base 16.
8a
-33 (base 5) to base 14
-14
18 (base 9) to base 14
13
What is 1 (base 2) in base 4?
1
-3 (base 5) to base 2
-11
What is 406 (base 8) in base 3?
100201
What is 2 (base 3) in base 2?
10
What is -35 (base 13) in base 8?
-54
Convert -2 (base 14) to base 7.
-2
Convert 2 (base 12) to base 7.
2
What is 10011 (base 2) in base 4?
103
What is -18 (base 12) in base 7?
-26
What is -94 (base 16) in base 15?
-9d
Convert -16 (base 8) to base 3.
-112
-12 (base 6) to base 13
-8
Convert -45 (base 14) to base 12.
-51
What is -321 (base 7) in base 13?
-c6
Convert